Last updated on 2024-05-08 03:52:20 CEST.
Flavor | Version | Tinstall | Tcheck | Ttotal | Status | Flags |
---|---|---|---|---|---|---|
r-devel-linux-x86_64-debian-clang | 0.2.6 | 84.60 | 265.52 | 350.12 | OK | |
r-devel-linux-x86_64-debian-gcc | 0.2.6 | 68.66 | 172.73 | 241.39 | OK | |
r-devel-linux-x86_64-fedora-clang | 0.2.6 | 456.12 | OK | |||
r-devel-linux-x86_64-fedora-gcc | 0.2.6 | 509.32 | OK | |||
r-devel-windows-x86_64 | 0.2.6 | 68.00 | 253.00 | 321.00 | OK | |
r-patched-linux-x86_64 | 0.2.6 | 85.93 | 247.90 | 333.83 | OK | |
r-release-linux-x86_64 | 0.2.6 | 87.21 | 250.34 | 337.55 | OK | |
r-release-macos-arm64 | 0.2.6 | 108.00 | NOTE | |||
r-release-macos-x86_64 | 0.2.6 | 306.00 | NOTE | |||
r-release-windows-x86_64 | 0.2.6 | 67.00 | 253.00 | 320.00 | OK | |
r-oldrel-macos-arm64 | 0.2.6 | 115.00 | NOTE | |||
r-oldrel-macos-x86_64 | 0.2.6 | 297.00 | NOTE | |||
r-oldrel-windows-x86_64 | 0.2.6 | 81.00 | 284.00 | 365.00 | OK |
Version: 0.2.6
Check: installed package size
Result: NOTE
installed size is 6.1Mb
sub-directories of 1Mb or more:
libs 4.7Mb
Flavors: r-release-macos-arm64, r-release-macos-x86_64, r-oldrel-macos-arm64, r-oldrel-macos-x86_64