Last updated on 2024-05-11 03:52:01 CEST.
Flavor | Version | Tinstall | Tcheck | Ttotal | Status | Flags |
---|---|---|---|---|---|---|
r-devel-linux-x86_64-debian-clang | 1.1.0 | 59.76 | 118.80 | 178.56 | NOTE | |
r-devel-linux-x86_64-debian-gcc | 1.1.0 | 52.54 | 87.83 | 140.37 | NOTE | |
r-devel-linux-x86_64-fedora-clang | 1.1.0 | 250.36 | NOTE | |||
r-devel-linux-x86_64-fedora-gcc | 1.1.0 | 317.97 | NOTE | |||
r-devel-windows-x86_64 | 1.1.0 | 52.00 | 121.00 | 173.00 | NOTE | |
r-patched-linux-x86_64 | 1.1.0 | 60.02 | 113.78 | 173.80 | NOTE | |
r-release-linux-x86_64 | 1.1.0 | 70.60 | 114.51 | 185.11 | NOTE | |
r-release-macos-arm64 | 1.1.0 | 67.00 | NOTE | |||
r-release-windows-x86_64 | 1.1.0 | 55.00 | 119.00 | 174.00 | NOTE | |
r-oldrel-macos-arm64 | 1.1.0 | 75.00 | NOTE | |||
r-oldrel-macos-x86_64 | 1.1.0 | 111.00 | NOTE | |||
r-oldrel-windows-x86_64 | 1.1.0 | 66.00 | 146.00 | 212.00 | NOTE |
Version: 1.1.0
Check: C++ specification
Result: NOTE
Specified C++11: please drop specification unless essential
Flavors: r-devel-linux-x86_64-debian-clang, r-devel-linux-x86_64-debian-gcc, r-devel-linux-x86_64-fedora-clang, r-devel-linux-x86_64-fedora-gcc, r-devel-windows-x86_64, r-patched-linux-x86_64, r-release-linux-x86_64, r-release-macos-arm64, r-release-windows-x86_64, r-oldrel-macos-arm64, r-oldrel-macos-x86_64, r-oldrel-windows-x86_64