Last updated on 2024-05-09 15:49:28 CEST.
Flavor | Version | Tinstall | Tcheck | Ttotal | Status | Flags |
---|---|---|---|---|---|---|
r-devel-linux-x86_64-debian-clang | 0.2.4 | 180.43 | 101.37 | 281.80 | NOTE | |
r-devel-linux-x86_64-debian-gcc | 0.2.4 | 153.82 | 74.76 | 228.58 | NOTE | |
r-devel-linux-x86_64-fedora-clang | 0.2.4 | 405.76 | NOTE | |||
r-devel-linux-x86_64-fedora-gcc | 0.2.4 | 486.05 | NOTE | |||
r-devel-windows-x86_64 | 0.2.4 | 142.00 | 145.00 | 287.00 | NOTE | |
r-patched-linux-x86_64 | 0.2.4 | 127.08 | 101.41 | 228.49 | NOTE | |
r-release-linux-x86_64 | 0.2.4 | 133.11 | 101.83 | 234.94 | NOTE | |
r-release-macos-arm64 | 0.2.4 | 90.00 | NOTE | |||
r-release-windows-x86_64 | 0.2.4 | 142.00 | 146.00 | 288.00 | NOTE | |
r-oldrel-macos-arm64 | 0.2.4 | 119.00 | NOTE | |||
r-oldrel-macos-x86_64 | 0.2.4 | 171.00 | NOTE | |||
r-oldrel-windows-x86_64 | 0.2.4 | 178.00 | 167.00 | 345.00 | NOTE |
Version: 0.2.4
Check: Rd files
Result: NOTE
checkRd: (-1) pedigree_ll_terms.Rd:16: Lost braces in \itemize; meant \describe ?
checkRd: (-1) pedigree_ll_terms.Rd:17: Lost braces in \itemize; meant \describe ?
checkRd: (-1) pedigree_ll_terms.Rd:18: Lost braces in \itemize; meant \describe ?
checkRd: (-1) pedigree_ll_terms.Rd:19-20: Lost braces in \itemize; meant \describe ?
Flavors: r-devel-linux-x86_64-debian-clang, r-devel-linux-x86_64-debian-gcc, r-devel-linux-x86_64-fedora-clang, r-devel-linux-x86_64-fedora-gcc, r-devel-windows-x86_64, r-patched-linux-x86_64, r-release-linux-x86_64, r-release-macos-arm64, r-release-windows-x86_64
Version: 0.2.4
Check: installed package size
Result: NOTE
installed size is 5.9Mb
sub-directories of 1Mb or more:
doc 4.0Mb
libs 1.7Mb
Flavors: r-devel-linux-x86_64-fedora-clang, r-devel-windows-x86_64, r-release-macos-arm64, r-release-windows-x86_64, r-oldrel-macos-arm64, r-oldrel-macos-x86_64, r-oldrel-windows-x86_64