Last updated on 2024-05-11 03:52:03 CEST.
Flavor | Version | Tinstall | Tcheck | Ttotal | Status | Flags |
---|---|---|---|---|---|---|
r-devel-linux-x86_64-debian-clang | 1.2-4 | 17.30 | 219.04 | 236.34 | OK | |
r-devel-linux-x86_64-debian-gcc | 1.2-4 | 14.15 | 160.18 | 174.33 | OK | |
r-devel-linux-x86_64-fedora-clang | 1.2-4 | 295.85 | OK | |||
r-devel-linux-x86_64-fedora-gcc | 1.2-4 | 415.49 | OK | |||
r-devel-windows-x86_64 | 1.2-4 | 17.00 | 185.00 | 202.00 | OK | |
r-patched-linux-x86_64 | 1.2-4 | 23.75 | 211.89 | 235.64 | OK | |
r-release-linux-x86_64 | 1.2-4 | 18.43 | 212.84 | 231.27 | OK | |
r-release-macos-arm64 | 1.2-4 | 77.00 | OK | |||
r-release-windows-x86_64 | 1.2-4 | 16.00 | 182.00 | 198.00 | OK | |
r-oldrel-macos-arm64 | 1.2-4 | 91.00 | OK | |||
r-oldrel-macos-x86_64 | 1.2-4 | 156.00 | NOTE | |||
r-oldrel-windows-x86_64 | 1.2-4 | 21.00 | 218.00 | 239.00 | OK |
Version: 1.2-4
Check: package dependencies
Result: NOTE
Package suggested but not available for checking: ‘lme4’
Flavor: r-oldrel-macos-x86_64
Version: 1.2-4
Check: Rd cross-references
Result: NOTE
Package unavailable to check Rd xrefs: ‘lme4’
Flavor: r-oldrel-macos-x86_64