Last updated on 2024-05-05 15:53:57 CEST.
Flavor | Version | Tinstall | Tcheck | Ttotal | Status | Flags |
---|---|---|---|---|---|---|
r-devel-linux-x86_64-debian-clang | 6.5.0-4 | 78.00 | 200.76 | 278.76 | OK | |
r-devel-linux-x86_64-debian-gcc | 6.5.0-4 | 64.42 | 134.98 | 199.40 | OK | |
r-devel-linux-x86_64-fedora-clang | 6.5.0-4 | 360.45 | OK | |||
r-devel-linux-x86_64-fedora-gcc | 6.5.0-4 | 365.38 | OK | |||
r-devel-windows-x86_64 | 6.5.0-4 | 68.00 | 173.00 | 241.00 | OK | |
r-patched-linux-x86_64 | 6.5.0-4 | 73.71 | 187.74 | 261.45 | OK | |
r-release-linux-x86_64 | 6.5.0-4 | 81.17 | 191.00 | 272.17 | OK | |
r-release-macos-arm64 | 6.5.0-4 | 70.00 | NOTE | |||
r-release-windows-x86_64 | 6.5.0-4 | 72.00 | 175.00 | 247.00 | OK | |
r-oldrel-macos-arm64 | 6.5.0-4 | 85.00 | NOTE | |||
r-oldrel-macos-x86_64 | 6.5.0-4 | 184.00 | NOTE | |||
r-oldrel-windows-x86_64 | 6.5.0-4 | 86.00 | 211.00 | 297.00 | OK |
Version: 6.5.0-4
Check: installed package size
Result: NOTE
installed size is 7.5Mb
sub-directories of 1Mb or more:
libs 4.7Mb
Flavors: r-release-macos-arm64, r-oldrel-macos-arm64, r-oldrel-macos-x86_64