Last updated on 2024-05-09 15:49:32 CEST.
Flavor | Version | Tinstall | Tcheck | Ttotal | Status | Flags |
---|---|---|---|---|---|---|
r-devel-linux-x86_64-debian-clang | 0.1.0 | 1.47 | 42.98 | 44.45 | NOTE | |
r-devel-linux-x86_64-debian-gcc | 0.1.0 | 1.54 | 31.61 | 33.15 | NOTE | |
r-devel-linux-x86_64-fedora-clang | 0.1.0 | 56.68 | NOTE | |||
r-devel-linux-x86_64-fedora-gcc | 0.1.0 | 78.20 | NOTE | |||
r-devel-windows-x86_64 | 0.1.0 | 3.00 | 52.00 | 55.00 | NOTE | |
r-patched-linux-x86_64 | 0.1.0 | 1.97 | 41.12 | 43.09 | NOTE | |
r-release-linux-x86_64 | 0.1.0 | 1.97 | 41.54 | 43.51 | NOTE | |
r-release-macos-arm64 | 0.1.0 | 26.00 | NOTE | |||
r-release-windows-x86_64 | 0.1.0 | 5.00 | 53.00 | 58.00 | NOTE | |
r-oldrel-macos-arm64 | 0.1.0 | 25.00 | OK | |||
r-oldrel-macos-x86_64 | 0.1.0 | 39.00 | OK | |||
r-oldrel-windows-x86_64 | 0.1.0 | 4.00 | 55.00 | 59.00 | OK |
Version: 0.1.0
Check: Rd files
Result: NOTE
checkRd: (-1) Ghana_2021_school_attendance.Rd:75: Lost braces in \itemize; meant \describe ?
checkRd: (-1) Ghana_2021_school_attendance_geometry.Rd:75: Lost braces in \itemize; meant \describe ?
Flavors: r-devel-linux-x86_64-debian-clang, r-devel-linux-x86_64-debian-gcc, r-devel-linux-x86_64-fedora-clang, r-devel-linux-x86_64-fedora-gcc, r-devel-windows-x86_64, r-patched-linux-x86_64, r-release-linux-x86_64, r-release-macos-arm64, r-release-windows-x86_64