Last updated on 2024-05-11 03:52:07 CEST.
Flavor | Version | Tinstall | Tcheck | Ttotal | Status | Flags |
---|---|---|---|---|---|---|
r-devel-linux-x86_64-debian-clang | 2.3.3 | 29.13 | 189.12 | 218.25 | NOTE | |
r-devel-linux-x86_64-debian-gcc | 2.3.3 | 18.56 | 136.28 | 154.84 | NOTE | |
r-devel-linux-x86_64-fedora-clang | 2.3.3 | 259.43 | OK | |||
r-devel-linux-x86_64-fedora-gcc | 2.3.3 | 327.61 | OK | |||
r-devel-windows-x86_64 | 2.3.3 | 23.00 | 150.00 | 173.00 | OK | |
r-patched-linux-x86_64 | 2.3.3 | 16.79 | 182.07 | 198.86 | NOTE | |
r-release-linux-x86_64 | 2.3.3 | 16.50 | 178.36 | 194.86 | NOTE | |
r-release-macos-arm64 | 2.3.3 | 69.00 | NOTE | |||
r-release-windows-x86_64 | 2.3.3 | 25.00 | 148.00 | 173.00 | OK | |
r-oldrel-macos-arm64 | 2.3.3 | 72.00 | NOTE | |||
r-oldrel-macos-x86_64 | 2.3.3 | 149.00 | NOTE | |||
r-oldrel-windows-x86_64 | 2.3.3 | 32.00 | 182.00 | 214.00 | NOTE |
Version: 2.3.3
Check: package dependencies
Result: NOTE
Package suggested but not available for checking: ‘INLA’
Flavors: r-devel-linux-x86_64-debian-clang, r-devel-linux-x86_64-debian-gcc, r-patched-linux-x86_64, r-release-linux-x86_64, r-release-macos-arm64, r-oldrel-macos-arm64, r-oldrel-macos-x86_64, r-oldrel-windows-x86_64