Last updated on 2024-05-11 03:52:08 CEST.
Flavor | Version | Tinstall | Tcheck | Ttotal | Status | Flags |
---|---|---|---|---|---|---|
r-devel-linux-x86_64-debian-clang | 1.2.4 | 24.88 | 169.04 | 193.92 | NOTE | |
r-devel-linux-x86_64-debian-gcc | 1.2.4 | 19.01 | 125.57 | 144.58 | NOTE | |
r-devel-linux-x86_64-fedora-clang | 1.2.4 | 238.43 | NOTE | |||
r-devel-linux-x86_64-fedora-gcc | 1.2.4 | 302.30 | NOTE | |||
r-devel-windows-x86_64 | 1.2.4 | 22.00 | 133.00 | 155.00 | NOTE | |
r-patched-linux-x86_64 | 1.2.4 | 23.61 | 161.98 | 185.59 | NOTE | |
r-release-linux-x86_64 | 1.2.4 | 14.22 | 159.38 | 173.60 | NOTE | |
r-release-macos-arm64 | 1.2.4 | 76.00 | NOTE | |||
r-release-windows-x86_64 | 1.2.4 | 21.00 | 131.00 | 152.00 | NOTE | |
r-oldrel-macos-arm64 | 1.2.4 | 76.00 | NOTE | |||
r-oldrel-macos-x86_64 | 1.2.4 | 127.00 | NOTE | |||
r-oldrel-windows-x86_64 | 1.2.4 | 28.00 | 159.00 | 187.00 | NOTE |
Version: 1.2.4
Check: package dependencies
Result: NOTE
Package suggested but not available for checking: ‘rWCVPdata’
Flavors: r-devel-linux-x86_64-debian-clang, r-devel-linux-x86_64-debian-gcc, r-devel-linux-x86_64-fedora-clang, r-devel-linux-x86_64-fedora-gcc, r-devel-windows-x86_64, r-patched-linux-x86_64, r-release-linux-x86_64, r-release-macos-arm64, r-release-windows-x86_64, r-oldrel-macos-arm64, r-oldrel-macos-x86_64, r-oldrel-windows-x86_64
Version: 1.2.4
Check: Rd cross-references
Result: NOTE
Undeclared package ‘scales’ in Rd xrefs
Flavor: r-devel-linux-x86_64-fedora-clang
Version: 1.2.4
Check: data for non-ASCII characters
Result: NOTE
Note: found 16 marked UTF-8 strings
Flavors: r-devel-linux-x86_64-fedora-clang, r-devel-linux-x86_64-fedora-gcc
Version: 1.2.4
Check: installed package size
Result: NOTE
installed size is 5.9Mb
sub-directories of 1Mb or more:
data 3.2Mb
extdata 2.4Mb
Flavors: r-release-macos-arm64, r-oldrel-macos-arm64, r-oldrel-macos-x86_64