Last updated on 2024-05-05 03:57:03 CEST.
Flavor | Version | Tinstall | Tcheck | Ttotal | Status | Flags |
---|---|---|---|---|---|---|
r-devel-linux-x86_64-debian-clang | 2.2.7 | 76.67 | 289.88 | 366.55 | OK | |
r-devel-linux-x86_64-debian-gcc | 2.2.7 | 54.50 | 209.16 | 263.66 | OK | |
r-devel-linux-x86_64-fedora-clang | 2.2.7 | 490.78 | OK | |||
r-devel-linux-x86_64-fedora-gcc | 2.2.7 | 495.60 | OK | |||
r-devel-windows-x86_64 | 2.2.7 | 52.00 | 241.00 | 293.00 | OK | |
r-patched-linux-x86_64 | 2.2.7 | 57.21 | 273.01 | 330.22 | OK | |
r-release-linux-x86_64 | 2.2.7 | 50.99 | 277.61 | 328.60 | OK | |
r-release-macos-arm64 | 2.2.7 | 114.00 | NOTE | |||
r-release-macos-x86_64 | 2.2.7 | 198.00 | NOTE | |||
r-release-windows-x86_64 | 2.2.7 | 57.00 | 240.00 | 297.00 | OK | |
r-oldrel-macos-arm64 | 2.2.7 | 117.00 | NOTE | |||
r-oldrel-macos-x86_64 | 2.2.7 | 286.00 | NOTE | |||
r-oldrel-windows-x86_64 | 2.2.7 | 69.00 | 308.00 | 377.00 | OK |
Version: 2.2.7
Check: installed package size
Result: NOTE
installed size is 5.8Mb
sub-directories of 1Mb or more:
libs 4.6Mb
Flavors: r-release-macos-arm64, r-release-macos-x86_64, r-oldrel-macos-arm64, r-oldrel-macos-x86_64