Last updated on 2024-05-02 04:00:31 CEST.
Flavor | Version | Tinstall | Tcheck | Ttotal | Status | Flags |
---|---|---|---|---|---|---|
r-devel-linux-x86_64-debian-clang | 1.0.2 | 43.81 | 75.25 | 119.06 | NOTE | |
r-devel-linux-x86_64-debian-gcc | 1.0.2 | 35.49 | 56.16 | 91.65 | NOTE | |
r-devel-linux-x86_64-fedora-clang | 1.0.2 | 159.74 | NOTE | |||
r-devel-linux-x86_64-fedora-gcc | 1.0.2 | 158.26 | NOTE | |||
r-devel-windows-x86_64 | 1.0.2 | 38.00 | 94.00 | 132.00 | NOTE | |
r-patched-linux-x86_64 | 1.0.2 | 45.78 | 72.21 | 117.99 | NOTE | |
r-release-linux-x86_64 | 1.0.2 | 41.43 | 70.42 | 111.85 | NOTE | |
r-release-macos-arm64 | 1.0.2 | 41.00 | NOTE | |||
r-release-windows-x86_64 | 1.0.2 | 40.00 | 95.00 | 135.00 | NOTE | |
r-oldrel-macos-arm64 | 1.0.2 | 49.00 | NOTE | |||
r-oldrel-macos-x86_64 | 1.0.2 | 78.00 | NOTE | |||
r-oldrel-windows-x86_64 | 1.0.2 | 47.00 | 107.00 | 154.00 | NOTE |
Version: 1.0.2
Check: C++ specification
Result: NOTE
Specified C++11: please drop specification unless essential
Flavors: r-devel-linux-x86_64-debian-clang, r-devel-linux-x86_64-debian-gcc, r-devel-linux-x86_64-fedora-clang, r-devel-linux-x86_64-fedora-gcc, r-devel-windows-x86_64, r-patched-linux-x86_64, r-release-linux-x86_64, r-release-macos-arm64, r-release-windows-x86_64, r-oldrel-macos-arm64, r-oldrel-macos-x86_64, r-oldrel-windows-x86_64
Version: 1.0.2
Check: dependencies in R code
Result: NOTE
Namespace in Imports field not imported from: ‘dplyr’
All declared Imports should be used.
Flavors: r-devel-linux-x86_64-fedora-clang, r-devel-linux-x86_64-fedora-gcc