Last updated on 2024-04-28 02:54:01 CEST.
Flavor | Version | Tinstall | Tcheck | Ttotal | Status | Flags |
---|---|---|---|---|---|---|
r-devel-linux-x86_64-debian-clang | 0.0.5 | 165.66 | 33.69 | 199.35 | NOTE | |
r-devel-linux-x86_64-debian-gcc | 0.0.5 | 124.89 | 25.53 | 150.42 | NOTE | |
r-devel-linux-x86_64-fedora-clang | 0.0.5 | 301.29 | NOTE | |||
r-devel-linux-x86_64-fedora-gcc | 0.0.5 | 293.03 | NOTE | |||
r-devel-windows-x86_64 | 0.0.5 | 116.00 | 68.00 | 184.00 | NOTE | |
r-patched-linux-x86_64 | 0.0.5 | 147.04 | 32.89 | 179.93 | NOTE | |
r-release-linux-x86_64 | 0.0.5 | 147.51 | 32.99 | 180.50 | NOTE | |
r-release-macos-arm64 | 0.0.5 | 49.00 | NOTE | |||
r-release-windows-x86_64 | 0.0.5 | 121.00 | 66.00 | 187.00 | NOTE | |
r-oldrel-macos-arm64 | 0.0.5 | 59.00 | NOTE | |||
r-oldrel-macos-x86_64 | 0.0.5 | 108.00 | NOTE | |||
r-oldrel-windows-x86_64 | 0.0.5 | 149.00 | 73.00 | 222.00 | NOTE |
Version: 0.0.5
Check: Rd files
Result: NOTE
checkRd: (-1) farthest_point_sampling.Rd:28: Lost braces; missing escapes or markup?
28 | space P = {p_1, ..., p_k}, such that each p_i is the farthest
| ^
Flavors: r-devel-linux-x86_64-debian-clang, r-devel-linux-x86_64-debian-gcc, r-devel-linux-x86_64-fedora-clang, r-devel-linux-x86_64-fedora-gcc, r-devel-windows-x86_64, r-patched-linux-x86_64, r-release-macos-arm64, r-release-windows-x86_64
Version: 0.0.5
Check: LazyData
Result: NOTE
'LazyData' is specified without a 'data' directory
Flavors: r-devel-linux-x86_64-debian-clang, r-devel-linux-x86_64-debian-gcc, r-devel-linux-x86_64-fedora-clang, r-devel-linux-x86_64-fedora-gcc, r-devel-windows-x86_64, r-patched-linux-x86_64, r-release-linux-x86_64, r-release-macos-arm64, r-release-windows-x86_64, r-oldrel-macos-arm64, r-oldrel-macos-x86_64, r-oldrel-windows-x86_64