Last updated on 2024-05-09 15:49:32 CEST.
Flavor | Version | Tinstall | Tcheck | Ttotal | Status | Flags |
---|---|---|---|---|---|---|
r-devel-linux-x86_64-debian-clang | 0.5.1 | 4.48 | 115.01 | 119.49 | OK | |
r-devel-linux-x86_64-debian-gcc | 0.5.1 | 4.13 | 80.90 | 85.03 | OK | |
r-devel-linux-x86_64-fedora-clang | 0.5.1 | 146.28 | NOTE | |||
r-devel-linux-x86_64-fedora-gcc | 0.5.1 | 163.51 | NOTE | |||
r-devel-windows-x86_64 | 0.5.1 | 6.00 | 100.00 | 106.00 | OK | |
r-patched-linux-x86_64 | 0.5.1 | 4.21 | 106.13 | 110.34 | OK | |
r-release-linux-x86_64 | 0.5.1 | 3.13 | 106.85 | 109.98 | OK | |
r-release-macos-arm64 | 0.5.1 | 43.00 | OK | |||
r-release-windows-x86_64 | 0.5.1 | 6.00 | 100.00 | 106.00 | OK | |
r-oldrel-macos-arm64 | 0.5.1 | 61.00 | OK | |||
r-oldrel-macos-x86_64 | 0.5.1 | 88.00 | OK | |||
r-oldrel-windows-x86_64 | 0.5.1 | 7.00 | 122.00 | 129.00 | OK |
Version: 0.5.1
Check: data for non-ASCII characters
Result: NOTE
Note: found 31 marked UTF-8 strings
Flavors: r-devel-linux-x86_64-fedora-clang, r-devel-linux-x86_64-fedora-gcc