Last updated on 2024-05-11 03:52:07 CEST.
Flavor | Version | Tinstall | Tcheck | Ttotal | Status | Flags |
---|---|---|---|---|---|---|
r-devel-linux-x86_64-debian-clang | 0.1.5 | 139.35 | 125.51 | 264.86 | OK | |
r-devel-linux-x86_64-debian-gcc | 0.1.5 | 133.49 | 92.47 | 225.96 | OK | |
r-devel-linux-x86_64-fedora-clang | 0.1.5 | 370.28 | OK | |||
r-devel-linux-x86_64-fedora-gcc | 0.1.5 | 508.67 | OK | |||
r-devel-windows-x86_64 | 0.1.5 | 122.00 | 144.00 | 266.00 | OK | |
r-patched-linux-x86_64 | 0.1.5 | 169.00 | 117.94 | 286.94 | OK | |
r-release-linux-x86_64 | 0.1.5 | 172.65 | 118.93 | 291.58 | OK | |
r-release-macos-arm64 | 0.1.5 | 122.00 | NOTE | |||
r-release-macos-x86_64 | 0.1.5 | 226.00 | NOTE | |||
r-release-windows-x86_64 | 0.1.5 | 120.00 | 144.00 | 264.00 | OK | |
r-oldrel-macos-arm64 | 0.1.5 | 119.00 | NOTE | |||
r-oldrel-macos-x86_64 | 0.1.5 | 181.00 | NOTE | |||
r-oldrel-windows-x86_64 | 0.1.5 | 147.00 | 163.00 | 310.00 | OK |
Version: 0.1.5
Check: installed package size
Result: NOTE
installed size is 13.5Mb
sub-directories of 1Mb or more:
libs 12.4Mb
Flavors: r-release-macos-arm64, r-release-macos-x86_64, r-oldrel-macos-arm64, r-oldrel-macos-x86_64