Last updated on 2024-05-11 03:52:07 CEST.
Flavor | Version | Tinstall | Tcheck | Ttotal | Status | Flags |
---|---|---|---|---|---|---|
r-devel-linux-x86_64-debian-clang | 1.2 | 216.94 | 30.81 | 247.75 | OK | |
r-devel-linux-x86_64-debian-gcc | 1.2 | 163.32 | 23.21 | 186.53 | OK | |
r-devel-linux-x86_64-fedora-clang | 1.2 | 377.13 | OK | |||
r-devel-linux-x86_64-fedora-gcc | 1.2 | 434.35 | OK | |||
r-devel-windows-x86_64 | 1.2 | 158.00 | 71.00 | 229.00 | OK | |
r-patched-linux-x86_64 | 1.2 | 214.31 | 29.51 | 243.82 | OK | |
r-release-linux-x86_64 | 1.2 | 205.13 | 29.27 | 234.40 | OK | |
r-release-macos-arm64 | 1.2 | 59.00 | NOTE | |||
r-release-windows-x86_64 | 1.2 | 155.00 | 68.00 | 223.00 | OK | |
r-oldrel-macos-arm64 | 1.2 | 68.00 | NOTE | |||
r-oldrel-macos-x86_64 | 1.2 | 87.00 | NOTE | |||
r-oldrel-windows-x86_64 | 1.2 | 200.00 | 76.00 | 276.00 | OK |
Version: 1.2
Check: installed package size
Result: NOTE
installed size is 6.9Mb
sub-directories of 1Mb or more:
libs 6.8Mb
Flavors: r-release-macos-arm64, r-oldrel-macos-arm64, r-oldrel-macos-x86_64