Last updated on 2024-05-05 15:53:59 CEST.
Flavor | Version | Tinstall | Tcheck | Ttotal | Status | Flags |
---|---|---|---|---|---|---|
r-devel-linux-x86_64-debian-clang | 4.1.23 | 11.94 | 75.50 | 87.44 | OK | |
r-devel-linux-x86_64-debian-gcc | 4.1.23 | 9.76 | 55.77 | 65.53 | OK | |
r-devel-linux-x86_64-fedora-clang | 4.1.23 | 108.78 | NOTE | |||
r-devel-linux-x86_64-fedora-gcc | 4.1.23 | 118.18 | OK | |||
r-devel-windows-x86_64 | 4.1.23 | 23.00 | 106.00 | 129.00 | OK | |
r-patched-linux-x86_64 | 4.1.23 | 10.80 | 69.26 | 80.06 | OK | |
r-release-linux-x86_64 | 4.1.23 | 11.91 | 69.80 | 81.71 | OK | |
r-release-macos-arm64 | 4.1.23 | 44.00 | OK | |||
r-release-windows-x86_64 | 4.1.23 | 22.00 | 104.00 | 126.00 | OK | |
r-oldrel-macos-arm64 | 4.1.23 | 73.00 | OK | |||
r-oldrel-macos-x86_64 | 4.1.23 | 168.00 | OK | |||
r-oldrel-windows-x86_64 | 4.1.23 | 23.00 | 107.00 | 130.00 | OK |
Version: 4.1.23
Check: Rd cross-references
Result: NOTE
Undeclared package ‘tree’ in Rd xrefs
Flavor: r-devel-linux-x86_64-fedora-clang