Last updated on 2024-05-07 15:48:39 CEST.
Flavor | Version | Tinstall | Tcheck | Ttotal | Status | Flags |
---|---|---|---|---|---|---|
r-devel-linux-x86_64-debian-clang | 0.6.3.1.1 | 165.16 | 84.89 | 250.05 | OK | |
r-devel-linux-x86_64-debian-gcc | 0.6.3.1.1 | 139.44 | 64.41 | 203.85 | OK | |
r-devel-linux-x86_64-fedora-clang | 0.6.3.1.1 | 298.38 | NOTE | |||
r-devel-linux-x86_64-fedora-gcc | 0.6.3.1.1 | 425.92 | OK | |||
r-devel-windows-x86_64 | 0.6.3.1.1 | 120.00 | 127.00 | 247.00 | NOTE | |
r-patched-linux-x86_64 | 0.6.3.1.1 | 169.03 | 83.90 | 252.93 | OK | |
r-release-linux-x86_64 | 0.6.3.1.1 | 188.65 | 82.90 | 271.55 | OK | |
r-release-macos-arm64 | 0.6.3.1.1 | 83.00 | NOTE | |||
r-release-windows-x86_64 | 0.6.3.1.1 | 114.00 | 126.00 | 240.00 | NOTE | |
r-oldrel-macos-arm64 | 0.6.3.1.1 | 101.00 | NOTE | |||
r-oldrel-macos-x86_64 | 0.6.3.1.1 | 154.00 | NOTE | |||
r-oldrel-windows-x86_64 | 0.6.3.1.1 | 149.00 | 143.00 | 292.00 | NOTE |
Version: 0.6.3.1.1
Check: installed package size
Result: NOTE
installed size is 10.4Mb
sub-directories of 1Mb or more:
include 5.0Mb
libs 5.0Mb
Flavors: r-devel-linux-x86_64-fedora-clang, r-devel-windows-x86_64, r-release-macos-arm64, r-release-windows-x86_64, r-oldrel-macos-arm64, r-oldrel-macos-x86_64, r-oldrel-windows-x86_64
Version: 0.6.3.1.1
Check: Rd cross-references
Result: NOTE
Undeclared package ‘wdm’ in Rd xrefs
Flavor: r-devel-linux-x86_64-fedora-clang