Last updated on 2024-05-09 15:49:34 CEST.
Flavor | Version | Tinstall | Tcheck | Ttotal | Status | Flags |
---|---|---|---|---|---|---|
r-devel-linux-x86_64-debian-clang | 1.0.1 | 8.97 | 73.04 | 82.01 | NOTE | |
r-devel-linux-x86_64-debian-gcc | 1.0.1 | 5.71 | 55.79 | 61.50 | NOTE | |
r-devel-linux-x86_64-fedora-clang | 1.0.1 | 105.94 | NOTE | |||
r-devel-linux-x86_64-fedora-gcc | 1.0.1 | 153.92 | NOTE | |||
r-devel-windows-x86_64 | 1.0.1 | 8.00 | 71.00 | 79.00 | NOTE | |
r-patched-linux-x86_64 | 1.0.1 | 6.37 | 70.55 | 76.92 | NOTE | |
r-release-linux-x86_64 | 1.0.1 | 8.82 | 71.71 | 80.53 | NOTE | |
r-release-macos-arm64 | 1.0.1 | 38.00 | NOTE | |||
r-release-windows-x86_64 | 1.0.1 | 9.00 | 69.00 | 78.00 | NOTE | |
r-oldrel-macos-arm64 | 1.0.1 | 36.00 | NOTE | |||
r-oldrel-macos-x86_64 | 1.0.1 | 83.00 | NOTE | |||
r-oldrel-windows-x86_64 | 1.0.1 | 11.00 | 82.00 | 93.00 | NOTE |
Version: 1.0.1
Check: LazyData
Result: NOTE
'LazyData' is specified without a 'data' directory
Flavors: r-devel-linux-x86_64-debian-clang, r-devel-linux-x86_64-debian-gcc, r-devel-linux-x86_64-fedora-clang, r-devel-linux-x86_64-fedora-gcc, r-devel-windows-x86_64, r-patched-linux-x86_64, r-release-linux-x86_64, r-release-macos-arm64, r-release-windows-x86_64, r-oldrel-macos-arm64, r-oldrel-macos-x86_64, r-oldrel-windows-x86_64
Version: 1.0.1
Check: dependencies in R code
Result: NOTE
Namespaces in Imports field not imported from:
‘methods’ ‘pbapply’ ‘utils’
All declared Imports should be used.
Flavors: r-devel-linux-x86_64-fedora-clang, r-devel-linux-x86_64-fedora-gcc