Last updated on 2024-05-02 15:51:14 CEST.
Flavor | Version | Tinstall | Tcheck | Ttotal | Status | Flags |
---|---|---|---|---|---|---|
r-devel-linux-x86_64-debian-clang | 1.2.2 | 34.75 | 463.29 | 498.04 | OK | |
r-devel-linux-x86_64-debian-gcc | 1.2.2 | 30.19 | 317.43 | 347.62 | OK | |
r-devel-linux-x86_64-fedora-clang | 1.2.2 | 628.96 | OK | |||
r-devel-linux-x86_64-fedora-gcc | 1.2.2 | 465.77 | OK | |||
r-devel-windows-x86_64 | 1.2.2 | 31.00 | 316.00 | 347.00 | OK | |
r-patched-linux-x86_64 | 1.2.2 | 43.79 | 432.52 | 476.31 | OK | |
r-release-linux-x86_64 | 1.2.2 | 38.08 | 427.12 | 465.20 | OK | |
r-release-macos-arm64 | 1.2.2 | 138.00 | ERROR | |||
r-release-windows-x86_64 | 1.2.2 | 31.00 | 309.00 | 340.00 | OK | |
r-oldrel-macos-arm64 | 1.2.2 | 155.00 | OK | |||
r-oldrel-macos-x86_64 | 1.2.2 | 387.00 | OK | |||
r-oldrel-windows-x86_64 | 1.2.2 | 43.00 | 394.00 | 437.00 | OK |
Version: 1.2.2
Check: re-building of vignette outputs
Result: ERROR
Error(s) in re-building vignettes:
...
--- re-building ‘secrlinear-vignette.Rmd’ using rmarkdown
Quitting from lines 585-611 [secrdesign] (secrlinear-vignette.Rmd)
Error: processing vignette 'secrlinear-vignette.Rmd' failed with diagnostics:
$ operator is invalid for atomic vectors
--- failed re-building ‘secrlinear-vignette.Rmd’
SUMMARY: processing the following file failed:
‘secrlinear-vignette.Rmd’
Error: Vignette re-building failed.
Execution halted
Flavor: r-release-macos-arm64