Last updated on 2024-05-28 15:49:16 CEST.
Flavor | Version | Tinstall | Tcheck | Ttotal | Status | Flags |
---|---|---|---|---|---|---|
r-devel-linux-x86_64-debian-clang | 0.1.2 | 2.00 | 19.60 | 21.60 | NOTE | |
r-devel-linux-x86_64-debian-gcc | 0.1.2 | 1.65 | 15.24 | 16.89 | NOTE | |
r-devel-linux-x86_64-fedora-clang | 0.1.2 | 27.57 | NOTE | |||
r-devel-linux-x86_64-fedora-gcc | 0.1.2 | 26.02 | NOTE | |||
r-devel-windows-x86_64 | 0.1.2 | 3.00 | 34.00 | 37.00 | NOTE | |
r-patched-linux-x86_64 | 0.1.2 | 1.78 | 19.16 | 20.94 | NOTE | |
r-release-linux-x86_64 | 0.1.2 | 1.88 | 19.17 | 21.05 | NOTE | |
r-release-macos-arm64 | 0.1.2 | 12.00 | NOTE | |||
r-release-windows-x86_64 | 0.1.2 | 2.00 | 33.00 | 35.00 | NOTE | |
r-oldrel-macos-arm64 | 0.1.2 | 17.00 | NOTE | |||
r-oldrel-macos-x86_64 | 0.1.2 | 17.00 | NOTE | |||
r-oldrel-windows-x86_64 | 0.1.2 | 3.00 | 35.00 | 38.00 | NOTE |
Version: 0.1.2
Check: LazyData
Result: NOTE
'LazyData' is specified without a 'data' directory
Flavors: r-devel-linux-x86_64-debian-clang, r-devel-linux-x86_64-debian-gcc, r-devel-linux-x86_64-fedora-clang, r-devel-linux-x86_64-fedora-gcc, r-devel-windows-x86_64, r-patched-linux-x86_64, r-release-linux-x86_64, r-release-macos-arm64, r-release-windows-x86_64, r-oldrel-macos-arm64, r-oldrel-macos-x86_64, r-oldrel-windows-x86_64