Last updated on 2024-05-11 03:52:09 CEST.
Flavor | Version | Tinstall | Tcheck | Ttotal | Status | Flags |
---|---|---|---|---|---|---|
r-devel-linux-x86_64-debian-clang | 0.7.3 | 100.37 | 397.55 | 497.92 | OK | |
r-devel-linux-x86_64-debian-gcc | 0.7.3 | 72.24 | 393.00 | 465.24 | OK | |
r-devel-linux-x86_64-fedora-clang | 0.7.3 | 692.44 | NOTE | |||
r-devel-linux-x86_64-fedora-gcc | 0.7.3 | 794.43 | NOTE | |||
r-devel-windows-x86_64 | 0.7.3 | 70.00 | 324.00 | 394.00 | OK | |
r-patched-linux-x86_64 | 0.7.3 | 89.21 | 483.27 | 572.48 | OK | |
r-release-linux-x86_64 | 0.7.3 | 91.17 | 470.69 | 561.86 | OK | |
r-release-macos-arm64 | 0.7.3 | 201.00 | NOTE | |||
r-release-macos-x86_64 | 0.7.3 | 463.00 | NOTE | |||
r-release-windows-x86_64 | 0.7.3 | 69.00 | 331.00 | 400.00 | OK | |
r-oldrel-macos-arm64 | 0.7.3 | 189.00 | NOTE | |||
r-oldrel-macos-x86_64 | 0.7.3 | 386.00 | NOTE | |||
r-oldrel-windows-x86_64 | 0.7.3 | 88.00 | 421.00 | 509.00 | OK |
Version: 0.7.3
Check: Rd cross-references
Result: NOTE
Undeclared package ‘lexicon’ in Rd xrefs
Flavor: r-devel-linux-x86_64-fedora-clang
Version: 0.7.3
Check: data for non-ASCII characters
Result: NOTE
Note: found 3128 marked UTF-8 strings
Flavors: r-devel-linux-x86_64-fedora-clang, r-devel-linux-x86_64-fedora-gcc
Version: 0.7.3
Check: installed package size
Result: NOTE
installed size is 6.3Mb
sub-directories of 1Mb or more:
data 1.2Mb
libs 4.3Mb
Flavors: r-release-macos-arm64, r-release-macos-x86_64, r-oldrel-macos-arm64, r-oldrel-macos-x86_64