Last updated on 2024-05-09 15:49:35 CEST.
Flavor | Version | Tinstall | Tcheck | Ttotal | Status | Flags |
---|---|---|---|---|---|---|
r-devel-linux-x86_64-debian-clang | 0.0.5 | 3.73 | 101.93 | 105.66 | OK | |
r-devel-linux-x86_64-debian-gcc | 0.0.5 | 2.58 | 74.23 | 76.81 | OK | |
r-devel-linux-x86_64-fedora-clang | 0.0.5 | 129.05 | NOTE | |||
r-devel-linux-x86_64-fedora-gcc | 0.0.5 | 169.18 | NOTE | |||
r-devel-windows-x86_64 | 0.0.5 | 6.00 | 91.00 | 97.00 | OK | |
r-patched-linux-x86_64 | 0.0.5 | 4.73 | 93.81 | 98.54 | OK | |
r-release-linux-x86_64 | 0.0.5 | 3.47 | 98.45 | 101.92 | OK | |
r-release-macos-arm64 | 0.0.5 | 52.00 | OK | |||
r-release-windows-x86_64 | 0.0.5 | 6.00 | 105.00 | 111.00 | OK | |
r-oldrel-macos-arm64 | 0.0.5 | 53.00 | OK | |||
r-oldrel-macos-x86_64 | 0.0.5 | 84.00 | OK | |||
r-oldrel-windows-x86_64 | 0.0.5 | 7.00 | 110.00 | 117.00 | OK |
Version: 0.0.5
Check: data for non-ASCII characters
Result: NOTE
Note: found 1 marked UTF-8 string
Flavors: r-devel-linux-x86_64-fedora-clang, r-devel-linux-x86_64-fedora-gcc