Last updated on 2024-05-21 03:55:31 CEST.
Flavor | Version | Tinstall | Tcheck | Ttotal | Status | Flags |
---|---|---|---|---|---|---|
r-devel-linux-x86_64-debian-clang | 0.2.2 | 18.12 | 583.87 | 601.99 | NOTE | |
r-devel-linux-x86_64-debian-gcc | 0.2.2 | 13.14 | 425.37 | 438.51 | NOTE | |
r-devel-linux-x86_64-fedora-clang | 0.2.2 | 707.39 | NOTE | |||
r-devel-linux-x86_64-fedora-gcc | 0.2.2 | 712.49 | NOTE | |||
r-devel-windows-x86_64 | 0.2.2 | 16.00 | 463.00 | 479.00 | NOTE | |
r-patched-linux-x86_64 | 0.2.2 | 21.89 | 540.01 | 561.90 | NOTE | |
r-release-linux-x86_64 | 0.2.2 | 13.63 | 529.31 | 542.94 | NOTE | |
r-release-macos-arm64 | 0.2.2 | 264.00 | NOTE | |||
r-release-windows-x86_64 | 0.2.2 | 16.00 | 457.00 | 473.00 | NOTE | |
r-oldrel-macos-arm64 | 0.2.2 | 186.00 | OK | |||
r-oldrel-macos-x86_64 | 0.2.2 | 266.00 | OK | |||
r-oldrel-windows-x86_64 | 0.2.2 | 20.00 | 543.00 | 563.00 | OK |
Version: 0.2.2
Check: Rd files
Result: NOTE
checkRd: (-1) smdi_diagnose.Rd:49: Lost braces; missing escapes or markup?
49 | \item asmd_{mean/median}: average/median absolute standardized mean difference (and min, max) of patient characteristics between those without (1) and with (0) observed covariate
| ^
Flavors: r-devel-linux-x86_64-debian-clang, r-devel-linux-x86_64-debian-gcc, r-devel-linux-x86_64-fedora-clang, r-devel-linux-x86_64-fedora-gcc, r-devel-windows-x86_64, r-patched-linux-x86_64, r-release-linux-x86_64, r-release-macos-arm64, r-release-windows-x86_64