Last updated on 2024-05-07 15:48:40 CEST.
Flavor | Version | Tinstall | Tcheck | Ttotal | Status | Flags |
---|---|---|---|---|---|---|
r-devel-linux-x86_64-debian-clang | 1.8.3 | 62.16 | 314.26 | 376.42 | NOTE | |
r-devel-linux-x86_64-debian-gcc | 1.8.3 | 42.71 | 212.92 | 255.63 | NOTE | |
r-devel-linux-x86_64-fedora-clang | 1.8.3 | 467.20 | NOTE | |||
r-devel-linux-x86_64-fedora-gcc | 1.8.3 | 554.03 | NOTE | |||
r-devel-windows-x86_64 | 1.8.3 | 45.00 | 273.00 | 318.00 | NOTE | |
r-patched-linux-x86_64 | 1.8.3 | 55.75 | 292.55 | 348.30 | NOTE | |
r-release-linux-x86_64 | 1.8.3 | 53.44 | 300.58 | 354.02 | NOTE | |
r-release-macos-arm64 | 1.8.3 | 141.00 | OK | |||
r-release-windows-x86_64 | 1.8.3 | 44.00 | 277.00 | 321.00 | NOTE | |
r-oldrel-macos-arm64 | 1.8.3 | 169.00 | OK | |||
r-oldrel-macos-x86_64 | 1.8.3 | 356.00 | OK | |||
r-oldrel-windows-x86_64 | 1.8.3 | 46.00 | 312.00 | 358.00 | OK |
Version: 1.8.3
Check: HTML version of manual
Result: NOTE
Found the following HTML validation problems:
summary.smerc_cluster.html:48:1 (summary.smerc_cluster.Rd:15): Warning: trimming empty <dt>
Flavors: r-devel-linux-x86_64-debian-clang, r-devel-linux-x86_64-debian-gcc, r-devel-linux-x86_64-fedora-clang, r-devel-linux-x86_64-fedora-gcc, r-devel-windows-x86_64, r-patched-linux-x86_64, r-release-linux-x86_64, r-release-windows-x86_64