Last updated on 2024-05-13 03:49:49 CEST.
Flavor | Version | Tinstall | Tcheck | Ttotal | Status | Flags |
---|---|---|---|---|---|---|
r-devel-linux-x86_64-debian-clang | 1.3.0 | 4.40 | 45.72 | 50.12 | OK | |
r-devel-linux-x86_64-debian-gcc | 1.3.0 | 2.77 | 34.48 | 37.25 | OK | |
r-devel-linux-x86_64-fedora-clang | 1.3.0 | 63.82 | NOTE | |||
r-devel-linux-x86_64-fedora-gcc | 1.3.0 | 111.25 | NOTE | |||
r-devel-windows-x86_64 | 1.3.0 | 5.00 | 55.00 | 60.00 | OK | |
r-patched-linux-x86_64 | 1.3.0 | 4.85 | 42.39 | 47.24 | OK | |
r-release-linux-x86_64 | 1.3.0 | 3.63 | 43.94 | 47.57 | OK | |
r-release-macos-arm64 | 1.3.0 | 27.00 | OK | |||
r-release-windows-x86_64 | 1.3.0 | 5.00 | 56.00 | 61.00 | OK | |
r-oldrel-macos-arm64 | 1.3.0 | 32.00 | OK | |||
r-oldrel-macos-x86_64 | 1.3.0 | 62.00 | OK | |||
r-oldrel-windows-x86_64 | 1.3.0 | 6.00 | 63.00 | 69.00 | OK |
Version: 1.3.0
Check: data for non-ASCII characters
Result: NOTE
Note: found 1 marked UTF-8 string
Flavors: r-devel-linux-x86_64-fedora-clang, r-devel-linux-x86_64-fedora-gcc