Last updated on 2024-05-09 15:49:36 CEST.
Flavor | Version | Tinstall | Tcheck | Ttotal | Status | Flags |
---|---|---|---|---|---|---|
r-devel-linux-x86_64-debian-clang | 0.1.3 | 35.30 | 93.13 | 128.43 | NOTE | |
r-devel-linux-x86_64-debian-gcc | 0.1.3 | 22.93 | 66.63 | 89.56 | NOTE | |
r-devel-linux-x86_64-fedora-clang | 0.1.3 | 158.98 | NOTE | |||
r-devel-linux-x86_64-fedora-gcc | 0.1.3 | 212.67 | NOTE | |||
r-devel-windows-x86_64 | 0.1.3 | 29.00 | 97.00 | 126.00 | NOTE | |
r-patched-linux-x86_64 | 0.1.3 | 28.13 | 83.92 | 112.05 | NOTE | |
r-release-linux-x86_64 | 0.1.3 | 26.89 | 84.74 | 111.63 | NOTE | |
r-release-macos-arm64 | 0.1.3 | 43.00 | NOTE | |||
r-release-windows-x86_64 | 0.1.3 | 28.00 | 96.00 | 124.00 | NOTE | |
r-oldrel-macos-arm64 | 0.1.3 | 49.00 | NOTE | |||
r-oldrel-macos-x86_64 | 0.1.3 | 76.00 | NOTE | |||
r-oldrel-windows-x86_64 | 0.1.3 | 38.00 | 115.00 | 153.00 | NOTE |
Version: 0.1.3
Check: Rd files
Result: NOTE
checkRd: (-1) cholsolveAQinvAT.Rd:5: Lost braces; missing escapes or markup?
5 | \title{Solve the equation X = AQ^{-1}t(A) under permutations}
| ^
Flavors: r-devel-linux-x86_64-debian-clang, r-devel-linux-x86_64-debian-gcc, r-devel-linux-x86_64-fedora-clang, r-devel-linux-x86_64-fedora-gcc, r-devel-windows-x86_64, r-patched-linux-x86_64, r-release-linux-x86_64, r-release-macos-arm64, r-release-windows-x86_64
Version: 0.1.3
Check: LazyData
Result: NOTE
'LazyData' is specified without a 'data' directory
Flavors: r-devel-linux-x86_64-debian-clang, r-devel-linux-x86_64-debian-gcc, r-devel-linux-x86_64-fedora-clang, r-devel-linux-x86_64-fedora-gcc, r-devel-windows-x86_64, r-patched-linux-x86_64, r-release-linux-x86_64, r-release-macos-arm64, r-release-windows-x86_64, r-oldrel-macos-arm64, r-oldrel-macos-x86_64, r-oldrel-windows-x86_64