Last updated on 2024-05-11 03:52:11 CEST.
Flavor | Version | Tinstall | Tcheck | Ttotal | Status | Flags |
---|---|---|---|---|---|---|
r-devel-linux-x86_64-debian-clang | 1.0.1 | 199.62 | 175.86 | 375.48 | OK | |
r-devel-linux-x86_64-debian-gcc | 1.0.1 | 203.49 | 133.86 | 337.35 | OK | |
r-devel-linux-x86_64-fedora-clang | 1.0.1 | 462.86 | OK | |||
r-devel-linux-x86_64-fedora-gcc | 1.0.1 | 682.24 | OK | |||
r-devel-windows-x86_64 | 1.0.1 | 156.00 | 162.00 | 318.00 | NOTE | |
r-patched-linux-x86_64 | 1.0.1 | 253.92 | 176.24 | 430.16 | OK | |
r-release-linux-x86_64 | 1.0.1 | 251.21 | 177.45 | 428.66 | OK | |
r-release-macos-arm64 | 1.0.1 | 121.00 | NOTE | |||
r-release-windows-x86_64 | 1.0.1 | 159.00 | 157.00 | 316.00 | NOTE | |
r-oldrel-macos-arm64 | 1.0.1 | 183.00 | NOTE | |||
r-oldrel-macos-x86_64 | 1.0.1 | 289.00 | NOTE | |||
r-oldrel-windows-x86_64 | 1.0.1 | 204.00 | 207.00 | 411.00 | NOTE |
Version: 1.0.1
Check: installed package size
Result: NOTE
installed size is 14.5Mb
sub-directories of 1Mb or more:
libs 13.4Mb
Flavors: r-devel-windows-x86_64, r-release-macos-arm64, r-release-windows-x86_64, r-oldrel-macos-arm64, r-oldrel-macos-x86_64, r-oldrel-windows-x86_64