Last updated on 2024-05-05 03:57:09 CEST.
Flavor | Version | Tinstall | Tcheck | Ttotal | Status | Flags |
---|---|---|---|---|---|---|
r-devel-linux-x86_64-debian-clang | 2.0-2 | 169.38 | 218.49 | 387.87 | OK | |
r-devel-linux-x86_64-debian-gcc | 2.0-2 | 129.08 | 156.78 | 285.86 | OK | |
r-devel-linux-x86_64-fedora-clang | 2.0-2 | 572.77 | OK | |||
r-devel-linux-x86_64-fedora-gcc | 2.0-2 | 528.24 | OK | |||
r-devel-windows-x86_64 | 2.0-2 | 120.00 | 240.00 | 360.00 | OK | |
r-patched-linux-x86_64 | 2.0-2 | 164.99 | 202.26 | 367.25 | OK | |
r-release-linux-x86_64 | 2.0-2 | 164.66 | 206.98 | 371.64 | OK | |
r-release-macos-arm64 | 2.0-2 | 120.00 | NOTE | |||
r-release-macos-x86_64 | 2.0-2 | 315.00 | NOTE | |||
r-release-windows-x86_64 | 2.0-2 | 124.00 | 241.00 | 365.00 | OK | |
r-oldrel-macos-arm64 | 2.0-2 | 127.00 | NOTE | |||
r-oldrel-macos-x86_64 | 2.0-2 | 240.00 | NOTE | |||
r-oldrel-windows-x86_64 | 2.0-2 | 158.00 | 293.00 | 451.00 | OK |
Version: 2.0-2
Check: installed package size
Result: NOTE
installed size is 12.9Mb
sub-directories of 1Mb or more:
doc 1.7Mb
libs 9.9Mb
Flavors: r-release-macos-arm64, r-release-macos-x86_64, r-oldrel-macos-arm64, r-oldrel-macos-x86_64