Last updated on 2024-05-11 03:52:12 CEST.
Flavor | Version | Tinstall | Tcheck | Ttotal | Status | Flags |
---|---|---|---|---|---|---|
r-devel-linux-x86_64-debian-clang | 1.0.0 | 92.43 | 88.21 | 180.64 | OK | |
r-devel-linux-x86_64-debian-gcc | 1.0.0 | 61.89 | 67.30 | 129.19 | OK | |
r-devel-linux-x86_64-fedora-clang | 1.0.0 | 236.09 | OK | |||
r-devel-linux-x86_64-fedora-gcc | 1.0.0 | 305.23 | OK | |||
r-devel-windows-x86_64 | 1.0.0 | 64.00 | 117.00 | 181.00 | OK | |
r-patched-linux-x86_64 | 1.0.0 | 75.26 | 86.17 | 161.43 | OK | |
r-release-linux-x86_64 | 1.0.0 | 72.74 | 86.11 | 158.85 | OK | |
r-release-macos-arm64 | 1.0.0 | 63.00 | NOTE | |||
r-release-windows-x86_64 | 1.0.0 | 64.00 | 117.00 | 181.00 | OK | |
r-oldrel-macos-arm64 | 1.0.0 | 49.00 | NOTE | |||
r-oldrel-macos-x86_64 | 1.0.0 | 75.00 | NOTE | |||
r-oldrel-windows-x86_64 | 1.0.0 | 74.00 | 138.00 | 212.00 | OK |
Version: 1.0.0
Check: installed package size
Result: NOTE
installed size is 8.0Mb
sub-directories of 1Mb or more:
libs 7.4Mb
Flavors: r-release-macos-arm64, r-oldrel-macos-arm64, r-oldrel-macos-x86_64