Last updated on 2024-05-05 15:54:04 CEST.
Flavor | Version | Tinstall | Tcheck | Ttotal | Status | Flags |
---|---|---|---|---|---|---|
r-devel-linux-x86_64-debian-clang | 1.6.0 | 65.21 | 130.57 | 195.78 | OK | --no-vignettes |
r-devel-linux-x86_64-debian-gcc | 1.6.0 | 47.27 | 110.95 | 158.22 | OK | --no-vignettes |
r-devel-linux-x86_64-fedora-clang | 1.6.0 | 562.84 | OK | |||
r-devel-linux-x86_64-fedora-gcc | 1.6.0 | 592.92 | OK | |||
r-devel-windows-x86_64 | 1.6.0 | 39.00 | 413.00 | 452.00 | OK | |
r-patched-linux-x86_64 | 1.6.0 | 48.64 | 140.60 | 189.24 | OK | --no-vignettes |
r-release-linux-x86_64 | 1.6.0 | 47.53 | 135.71 | 183.24 | OK | --no-vignettes |
r-release-macos-arm64 | 1.6.0 | 157.00 | NOTE | |||
r-release-windows-x86_64 | 1.6.0 | 41.00 | 397.00 | 438.00 | OK | |
r-oldrel-macos-arm64 | 1.6.0 | 212.00 | NOTE | |||
r-oldrel-macos-x86_64 | 1.6.0 | 438.00 | NOTE | |||
r-oldrel-windows-x86_64 | 1.6.0 | 50.00 | 472.00 | 522.00 | OK |
Version: 1.6.0
Check: installed package size
Result: NOTE
installed size is 23.3Mb
sub-directories of 1Mb or more:
doc 1.5Mb
libs 21.4Mb
Flavors: r-release-macos-arm64, r-oldrel-macos-arm64, r-oldrel-macos-x86_64