Last updated on 2024-05-19 03:55:54 CEST.
Flavor | Version | Tinstall | Tcheck | Ttotal | Status | Flags |
---|---|---|---|---|---|---|
r-devel-linux-x86_64-debian-clang | 0.1-3 | 2.89 | 29.86 | 32.75 | NOTE | |
r-devel-linux-x86_64-debian-gcc | 0.1-3 | 1.81 | 23.37 | 25.18 | NOTE | |
r-devel-linux-x86_64-fedora-clang | 0.1-3 | 41.75 | NOTE | |||
r-devel-linux-x86_64-fedora-gcc | 0.1-3 | 64.39 | NOTE | |||
r-devel-windows-x86_64 | 0.1-3 | 3.00 | 45.00 | 48.00 | NOTE | |
r-patched-linux-x86_64 | 0.1-3 | 2.47 | 29.79 | 32.26 | NOTE | |
r-release-linux-x86_64 | 0.1-3 | 2.50 | 28.78 | 31.28 | NOTE | |
r-release-macos-arm64 | 0.1-3 | 17.00 | NOTE | |||
r-release-windows-x86_64 | 0.1-3 | 3.00 | 45.00 | 48.00 | NOTE | |
r-oldrel-macos-arm64 | 0.1-3 | 19.00 | OK | |||
r-oldrel-macos-x86_64 | 0.1-3 | 24.00 | OK | |||
r-oldrel-windows-x86_64 | 0.1-3 | 3.00 | 48.00 | 51.00 | OK |
Version: 0.1-3
Check: Rd files
Result: NOTE
checkRd: (-1) hyph.support.en.Rd:19: Lost braces in \itemize; meant \describe ?
checkRd: (-1) hyph.support.en.Rd:20: Lost braces in \itemize; meant \describe ?
Flavors: r-devel-linux-x86_64-debian-clang, r-devel-linux-x86_64-debian-gcc, r-devel-linux-x86_64-fedora-clang, r-devel-linux-x86_64-fedora-gcc, r-devel-windows-x86_64, r-patched-linux-x86_64, r-release-linux-x86_64, r-release-macos-arm64, r-release-windows-x86_64