Last updated on 2024-05-07 15:48:42 CEST.
Flavor | Version | Tinstall | Tcheck | Ttotal | Status | Flags |
---|---|---|---|---|---|---|
r-devel-linux-x86_64-debian-clang | 0.1.6 | 58.23 | 134.42 | 192.65 | NOTE | |
r-devel-linux-x86_64-debian-gcc | 0.1.6 | 43.74 | 99.22 | 142.96 | NOTE | |
r-devel-linux-x86_64-fedora-clang | 0.1.6 | 252.72 | NOTE | |||
r-devel-linux-x86_64-fedora-gcc | 0.1.6 | 337.26 | NOTE | |||
r-devel-windows-x86_64 | 0.1.6 | 51.00 | 214.00 | 265.00 | NOTE | |
r-patched-linux-x86_64 | 0.1.6 | 52.96 | 124.42 | 177.38 | NOTE | |
r-release-linux-x86_64 | 0.1.6 | 48.20 | 127.62 | 175.82 | NOTE | |
r-release-macos-arm64 | 0.1.6 | 94.00 | NOTE | |||
r-release-windows-x86_64 | 0.1.6 | 49.00 | 213.00 | 262.00 | NOTE | |
r-oldrel-macos-arm64 | 0.1.6 | 102.00 | OK | |||
r-oldrel-macos-x86_64 | 0.1.6 | 178.00 | OK | |||
r-oldrel-windows-x86_64 | 0.1.6 | 60.00 | 241.00 | 301.00 | OK |
Version: 0.1.6
Check: Rd files
Result: NOTE
checkRd: (-1) robCov.Rd:19-20: Lost braces in \itemize; \value handles \item{}{} directly
checkRd: (-1) robCov.Rd:21: Lost braces in \itemize; \value handles \item{}{} directly
checkRd: (-1) robCov.Rd:22: Lost braces in \itemize; \value handles \item{}{} directly
checkRd: (-1) robCov.Rd:23: Lost braces in \itemize; \value handles \item{}{} directly
checkRd: (-1) slice.Rd:28: Lost braces
28 | before plotting {ex: \code{trans = c(s = "exp", d = "exp")}}/}
| ^
Flavors: r-devel-linux-x86_64-debian-clang, r-devel-linux-x86_64-debian-gcc, r-devel-linux-x86_64-fedora-clang, r-devel-linux-x86_64-fedora-gcc, r-devel-windows-x86_64, r-patched-linux-x86_64, r-release-linux-x86_64, r-release-macos-arm64, r-release-windows-x86_64