Last updated on 2024-05-11 03:52:12 CEST.
Flavor | Version | Tinstall | Tcheck | Ttotal | Status | Flags |
---|---|---|---|---|---|---|
r-devel-linux-x86_64-debian-clang | 1.0.0 | 5.98 | 43.44 | 49.42 | NOTE | |
r-devel-linux-x86_64-debian-gcc | 1.0.0 | 4.32 | 32.58 | 36.90 | NOTE | |
r-devel-linux-x86_64-fedora-clang | 1.0.0 | 64.23 | NOTE | |||
r-devel-linux-x86_64-fedora-gcc | 1.0.0 | 83.63 | NOTE | |||
r-devel-windows-x86_64 | 1.0.0 | 7.00 | 53.00 | 60.00 | NOTE | |
r-patched-linux-x86_64 | 1.0.0 | 3.23 | 41.55 | 44.78 | NOTE | |
r-release-linux-x86_64 | 1.0.0 | 3.47 | 42.18 | 45.65 | NOTE | |
r-release-macos-arm64 | 1.0.0 | 23.00 | NOTE | |||
r-release-windows-x86_64 | 1.0.0 | 6.00 | 52.00 | 58.00 | NOTE | |
r-oldrel-macos-arm64 | 1.0.0 | 24.00 | NOTE | |||
r-oldrel-macos-x86_64 | 1.0.0 | 32.00 | NOTE | |||
r-oldrel-windows-x86_64 | 1.0.0 | 8.00 | 56.00 | 64.00 | NOTE |
Version: 1.0.0
Check: LazyData
Result: NOTE
'LazyData' is specified without a 'data' directory
Flavors: r-devel-linux-x86_64-debian-clang, r-devel-linux-x86_64-debian-gcc, r-devel-linux-x86_64-fedora-clang, r-devel-linux-x86_64-fedora-gcc, r-devel-windows-x86_64, r-patched-linux-x86_64, r-release-linux-x86_64, r-release-macos-arm64, r-release-windows-x86_64, r-oldrel-macos-arm64, r-oldrel-macos-x86_64, r-oldrel-windows-x86_64
Version: 1.0.0
Check: dependencies in R code
Result: NOTE
Namespaces in Imports field not imported from:
‘stringr’ ‘tibble’
All declared Imports should be used.
Flavors: r-devel-linux-x86_64-fedora-clang, r-devel-linux-x86_64-fedora-gcc