Last updated on 2024-05-05 03:57:10 CEST.
Flavor | Version | Tinstall | Tcheck | Ttotal | Status | Flags |
---|---|---|---|---|---|---|
r-devel-linux-x86_64-debian-clang | 1.1.8 | 137.76 | 162.84 | 300.60 | OK | |
r-devel-linux-x86_64-debian-gcc | 1.1.8 | 114.94 | 128.89 | 243.83 | OK | |
r-devel-linux-x86_64-fedora-clang | 1.1.8 | 408.14 | OK | |||
r-devel-linux-x86_64-fedora-gcc | 1.1.8 | 465.07 | OK | |||
r-devel-windows-x86_64 | 1.1.8 | 104.00 | 164.00 | 268.00 | OK | |
r-patched-linux-x86_64 | 1.1.8 | 142.26 | 159.03 | 301.29 | OK | |
r-release-linux-x86_64 | 1.1.8 | 155.06 | 156.58 | 311.64 | OK | |
r-release-macos-arm64 | 1.1.8 | 101.00 | NOTE | |||
r-release-windows-x86_64 | 1.1.8 | 105.00 | 157.00 | 262.00 | OK | |
r-oldrel-macos-arm64 | 1.1.8 | 123.00 | NOTE | |||
r-oldrel-macos-x86_64 | 1.1.8 | 225.00 | NOTE | |||
r-oldrel-windows-x86_64 | 1.1.8 | 132.00 | 189.00 | 321.00 | OK |
Version: 1.1.8
Check: installed package size
Result: NOTE
installed size is 15.3Mb
sub-directories of 1Mb or more:
libs 13.8Mb
Flavors: r-release-macos-arm64, r-oldrel-macos-arm64, r-oldrel-macos-x86_64