Last updated on 2024-05-21 15:50:43 CEST.
Flavor | Version | Tinstall | Tcheck | Ttotal | Status | Flags |
---|---|---|---|---|---|---|
r-devel-linux-x86_64-debian-clang | 0.1.0 | 7.24 | 106.39 | 113.63 | OK | |
r-devel-linux-x86_64-debian-gcc | 0.1.0 | 7.96 | 77.12 | 85.08 | OK | |
r-devel-linux-x86_64-fedora-clang | 0.1.0 | 150.96 | NOTE | |||
r-devel-linux-x86_64-fedora-gcc | 0.1.0 | 146.21 | NOTE | |||
r-devel-windows-x86_64 | 0.1.0 | 10.00 | 95.00 | 105.00 | OK | |
r-patched-linux-x86_64 | 0.1.0 | 5.82 | 100.90 | 106.72 | OK | |
r-release-linux-x86_64 | 0.1.0 | 5.92 | 100.65 | 106.57 | OK | |
r-release-macos-arm64 | 0.1.0 | 47.00 | OK | |||
r-release-windows-x86_64 | 0.1.0 | 12.00 | 96.00 | 108.00 | OK | |
r-oldrel-macos-arm64 | 0.1.0 | 53.00 | OK | |||
r-oldrel-macos-x86_64 | 0.1.0 | 141.00 | OK | |||
r-oldrel-windows-x86_64 | 0.1.0 | 13.00 | 108.00 | 121.00 | OK |
Version: 0.1.0
Check: data for non-ASCII characters
Result: NOTE
Note: found 4 marked UTF-8 strings
Flavors: r-devel-linux-x86_64-fedora-clang, r-devel-linux-x86_64-fedora-gcc