Last updated on 2024-05-13 03:49:52 CEST.
Flavor | Version | Tinstall | Tcheck | Ttotal | Status | Flags |
---|---|---|---|---|---|---|
r-devel-linux-x86_64-debian-clang | 0.1.0 | 3.91 | 42.92 | 46.83 | NOTE | |
r-devel-linux-x86_64-debian-gcc | 0.1.0 | 3.74 | 31.57 | 35.31 | NOTE | |
r-devel-linux-x86_64-fedora-clang | 0.1.0 | 59.40 | NOTE | |||
r-devel-linux-x86_64-fedora-gcc | 0.1.0 | 95.91 | NOTE | |||
r-devel-windows-x86_64 | 0.1.0 | 4.00 | 52.00 | 56.00 | NOTE | |
r-patched-linux-x86_64 | 0.1.0 | 4.90 | 40.54 | 45.44 | NOTE | |
r-release-linux-x86_64 | 0.1.0 | 4.79 | 39.79 | 44.58 | NOTE | |
r-release-macos-arm64 | 0.1.0 | 21.00 | NOTE | |||
r-release-windows-x86_64 | 0.1.0 | 5.00 | 51.00 | 56.00 | NOTE | |
r-oldrel-macos-arm64 | 0.1.0 | 22.00 | OK | |||
r-oldrel-macos-x86_64 | 0.1.0 | 27.00 | OK | |||
r-oldrel-windows-x86_64 | 0.1.0 | 6.00 | 55.00 | 61.00 | OK |
Version: 0.1.0
Check: Rd files
Result: NOTE
checkRd: (-1) getSegsExtra.Rd:14: Lost braces
14 | \item{data}{data.table returned from function /code{tdtr}}
| ^
Flavors: r-devel-linux-x86_64-debian-clang, r-devel-linux-x86_64-debian-gcc, r-devel-linux-x86_64-fedora-clang, r-devel-linux-x86_64-fedora-gcc, r-devel-windows-x86_64, r-patched-linux-x86_64, r-release-linux-x86_64, r-release-macos-arm64, r-release-windows-x86_64