Last updated on 2024-05-09 15:49:38 CEST.
Flavor | Version | Tinstall | Tcheck | Ttotal | Status | Flags |
---|---|---|---|---|---|---|
r-devel-linux-x86_64-debian-clang | 0.4.0 | 9.17 | 90.76 | 99.93 | OK | |
r-devel-linux-x86_64-debian-gcc | 0.4.0 | 8.49 | 67.34 | 75.83 | OK | |
r-devel-linux-x86_64-fedora-clang | 0.4.0 | 128.38 | NOTE | |||
r-devel-linux-x86_64-fedora-gcc | 0.4.0 | 172.64 | OK | |||
r-devel-windows-x86_64 | 0.4.0 | 10.00 | 83.00 | 93.00 | OK | |
r-patched-linux-x86_64 | 0.4.0 | 7.42 | 86.64 | 94.06 | OK | |
r-release-linux-x86_64 | 0.4.0 | 6.68 | 85.81 | 92.49 | OK | |
r-release-macos-arm64 | 0.4.0 | 36.00 | OK | |||
r-release-windows-x86_64 | 0.4.0 | 10.00 | 80.00 | 90.00 | OK | |
r-oldrel-macos-arm64 | 0.4.0 | 44.00 | OK | |||
r-oldrel-macos-x86_64 | 0.4.0 | 67.00 | OK | |||
r-oldrel-windows-x86_64 | 0.4.0 | 14.00 | 101.00 | 115.00 | OK |
Version: 0.4.0
Check: Rd cross-references
Result: NOTE
Undeclared packages ‘ggplot2’, ‘crosstalk’ in Rd xrefs
Flavor: r-devel-linux-x86_64-fedora-clang