Last updated on 2024-05-02 04:00:39 CEST.
Flavor | Version | Tinstall | Tcheck | Ttotal | Status | Flags |
---|---|---|---|---|---|---|
r-devel-linux-x86_64-debian-clang | 0.9.9 | 6.75 | 65.49 | 72.24 | NOTE | |
r-devel-linux-x86_64-debian-gcc | 0.9.9 | 5.58 | 49.16 | 54.74 | NOTE | |
r-devel-linux-x86_64-fedora-clang | 0.9.9 | 93.14 | NOTE | |||
r-devel-linux-x86_64-fedora-gcc | 0.9.9 | 99.14 | NOTE | |||
r-devel-windows-x86_64 | 0.9.9 | 8.00 | 83.00 | 91.00 | NOTE | |
r-patched-linux-x86_64 | 0.9.9 | 13.52 | 60.46 | 73.98 | NOTE | |
r-release-linux-x86_64 | 0.9.9 | 5.78 | 62.13 | 67.91 | NOTE | |
r-release-macos-arm64 | 0.9.9 | 36.00 | NOTE | |||
r-release-windows-x86_64 | 0.9.9 | 8.00 | 83.00 | 91.00 | NOTE | |
r-oldrel-macos-arm64 | 0.9.9 | 37.00 | NOTE | |||
r-oldrel-macos-x86_64 | 0.9.9 | 54.00 | NOTE | |||
r-oldrel-windows-x86_64 | 0.9.9 | 9.00 | 86.00 | 95.00 | NOTE |
Version: 0.9.9
Check: LazyData
Result: NOTE
'LazyData' is specified without a 'data' directory
Flavors: r-devel-linux-x86_64-debian-clang, r-devel-linux-x86_64-debian-gcc, r-devel-linux-x86_64-fedora-clang, r-devel-linux-x86_64-fedora-gcc, r-devel-windows-x86_64, r-patched-linux-x86_64, r-release-linux-x86_64, r-release-macos-arm64, r-release-windows-x86_64, r-oldrel-macos-arm64, r-oldrel-macos-x86_64, r-oldrel-windows-x86_64