Last updated on 2024-05-13 03:49:52 CEST.
Flavor | Version | Tinstall | Tcheck | Ttotal | Status | Flags |
---|---|---|---|---|---|---|
r-devel-linux-x86_64-debian-clang | 1.1.0 | 3.31 | 26.34 | 29.65 | OK | |
r-devel-linux-x86_64-debian-gcc | 1.1.0 | 2.46 | 20.45 | 22.91 | OK | |
r-devel-linux-x86_64-fedora-clang | 1.1.0 | 37.95 | NOTE | |||
r-devel-linux-x86_64-fedora-gcc | 1.1.0 | 38.63 | OK | |||
r-devel-windows-x86_64 | 1.1.0 | 3.00 | 42.00 | 45.00 | OK | |
r-patched-linux-x86_64 | 1.1.0 | 2.12 | 26.08 | 28.20 | OK | |
r-release-linux-x86_64 | 1.1.0 | 3.29 | 25.76 | 29.05 | OK | |
r-release-macos-arm64 | 1.1.0 | 16.00 | OK | |||
r-release-windows-x86_64 | 1.1.0 | 4.00 | 42.00 | 46.00 | OK | |
r-oldrel-macos-arm64 | 1.1.0 | 17.00 | OK | |||
r-oldrel-macos-x86_64 | 1.1.0 | 23.00 | OK | |||
r-oldrel-windows-x86_64 | 1.1.0 | 4.00 | 41.00 | 45.00 | OK |
Version: 1.1.0
Check: Rd cross-references
Result: NOTE
Undeclared package ‘mirt’ in Rd xrefs
Flavor: r-devel-linux-x86_64-fedora-clang