Last updated on 2024-05-11 03:52:14 CEST.
Flavor | Version | Tinstall | Tcheck | Ttotal | Status | Flags |
---|---|---|---|---|---|---|
r-devel-linux-x86_64-debian-clang | 0.5.0 | 6.46 | 52.01 | 58.47 | OK | |
r-devel-linux-x86_64-debian-gcc | 0.5.0 | 4.02 | 39.12 | 43.14 | OK | |
r-devel-linux-x86_64-fedora-clang | 0.5.0 | 72.30 | NOTE | |||
r-devel-linux-x86_64-fedora-gcc | 0.5.0 | 90.87 | OK | |||
r-devel-windows-x86_64 | 0.5.0 | 7.00 | 64.00 | 71.00 | OK | |
r-patched-linux-x86_64 | 0.5.0 | 5.10 | 51.03 | 56.13 | OK | |
r-release-linux-x86_64 | 0.5.0 | 4.83 | 49.59 | 54.42 | OK | |
r-release-macos-arm64 | 0.5.0 | 24.00 | OK | |||
r-release-windows-x86_64 | 0.5.0 | 6.00 | 63.00 | 69.00 | OK | |
r-oldrel-macos-arm64 | 0.5.0 | 29.00 | OK | |||
r-oldrel-macos-x86_64 | 0.5.0 | 66.00 | OK | |||
r-oldrel-windows-x86_64 | 0.5.0 | 7.00 | 69.00 | 76.00 | OK |
Version: 0.5.0
Check: Rd cross-references
Result: NOTE
Undeclared package ‘pROC’ in Rd xrefs
Flavor: r-devel-linux-x86_64-fedora-clang