Last updated on 2024-05-09 15:49:39 CEST.
Flavor | Version | Tinstall | Tcheck | Ttotal | Status | Flags |
---|---|---|---|---|---|---|
r-devel-linux-x86_64-debian-clang | 1.1.1 | 12.86 | 135.07 | 147.93 | OK | |
r-devel-linux-x86_64-debian-gcc | 1.1.1 | 8.07 | 102.05 | 110.12 | OK | |
r-devel-linux-x86_64-fedora-clang | 1.1.1 | 173.32 | NOTE | |||
r-devel-linux-x86_64-fedora-gcc | 1.1.1 | 197.55 | NOTE | |||
r-devel-windows-x86_64 | 1.1.1 | 10.00 | 124.00 | 134.00 | OK | |
r-patched-linux-x86_64 | 1.1.1 | 7.03 | 1399.39 | 1406.42 | OK | |
r-release-linux-x86_64 | 1.1.1 | 6.93 | 129.27 | 136.20 | OK | |
r-release-macos-arm64 | 1.1.1 | 80.00 | OK | |||
r-release-windows-x86_64 | 1.1.1 | 9.00 | 129.00 | 138.00 | OK | |
r-oldrel-macos-arm64 | 1.1.1 | 88.00 | OK | |||
r-oldrel-macos-x86_64 | 1.1.1 | 95.00 | OK | |||
r-oldrel-windows-x86_64 | 1.1.1 | 11.00 | 151.00 | 162.00 | OK |
Version: 1.1.1
Check: dependencies in R code
Result: NOTE
Namespaces in Imports field not imported from:
‘R6’ ‘readr’ ‘uuid’
All declared Imports should be used.
Flavors: r-devel-linux-x86_64-fedora-clang, r-devel-linux-x86_64-fedora-gcc