Last updated on 2024-05-09 15:49:39 CEST.
Flavor | Version | Tinstall | Tcheck | Ttotal | Status | Flags |
---|---|---|---|---|---|---|
r-devel-linux-x86_64-debian-clang | 0.8.1 | 41.69 | 194.22 | 235.91 | NOTE | |
r-devel-linux-x86_64-debian-gcc | 0.8.1 | 27.23 | 142.80 | 170.03 | NOTE | |
r-devel-linux-x86_64-fedora-clang | 0.8.1 | 290.29 | NOTE | |||
r-devel-linux-x86_64-fedora-gcc | 0.8.1 | 410.87 | NOTE | |||
r-devel-windows-x86_64 | 0.8.1 | 22.00 | 138.00 | 160.00 | NOTE | |
r-patched-linux-x86_64 | 0.8.1 | 24.16 | 186.55 | 210.71 | NOTE | |
r-release-linux-x86_64 | 0.8.1 | 24.51 | 187.29 | 211.80 | NOTE | |
r-release-macos-arm64 | 0.8.1 | 55.00 | NOTE | |||
r-release-windows-x86_64 | 0.8.1 | 23.00 | 137.00 | 160.00 | NOTE | |
r-oldrel-macos-arm64 | 0.8.1 | 63.00 | NOTE | |||
r-oldrel-macos-x86_64 | 0.8.1 | 102.00 | NOTE | |||
r-oldrel-windows-x86_64 | 0.8.1 | 29.00 | 172.00 | 201.00 | NOTE |
Version: 0.8.1
Check: package subdirectories
Result: NOTE
Problems with news in ‘NEWS.md’:
No news entries found.
Flavors: r-devel-linux-x86_64-debian-clang, r-devel-linux-x86_64-debian-gcc, r-devel-linux-x86_64-fedora-clang, r-devel-linux-x86_64-fedora-gcc, r-devel-windows-x86_64, r-patched-linux-x86_64, r-release-linux-x86_64, r-release-macos-arm64, r-release-windows-x86_64, r-oldrel-macos-arm64, r-oldrel-macos-x86_64, r-oldrel-windows-x86_64