Last updated on 2024-05-10 04:00:48 CEST.
Flavor | Version | Tinstall | Tcheck | Ttotal | Status | Flags |
---|---|---|---|---|---|---|
r-devel-linux-x86_64-debian-clang | 0.4.0 | 3.27 | 35.88 | 39.15 | OK | |
r-devel-linux-x86_64-debian-gcc | 0.4.0 | 2.64 | 27.45 | 30.09 | OK | |
r-devel-linux-x86_64-fedora-clang | 0.4.0 | 49.95 | NOTE | |||
r-devel-linux-x86_64-fedora-gcc | 0.4.0 | 69.70 | OK | |||
r-devel-windows-x86_64 | 0.4.0 | 5.00 | 51.00 | 56.00 | OK | |
r-patched-linux-x86_64 | 0.4.0 | 2.18 | 34.43 | 36.61 | OK | |
r-release-linux-x86_64 | 0.4.0 | 2.39 | 35.08 | 37.47 | OK | |
r-release-macos-arm64 | 0.4.0 | 26.00 | OK | |||
r-release-windows-x86_64 | 0.4.0 | 5.00 | 51.00 | 56.00 | OK | |
r-oldrel-macos-arm64 | 0.4.0 | 28.00 | OK | |||
r-oldrel-macos-x86_64 | 0.4.0 | 35.00 | OK | |||
r-oldrel-windows-x86_64 | 0.4.0 | 5.00 | 51.00 | 56.00 | OK |
Version: 0.4.0
Check: Rd cross-references
Result: NOTE
Undeclared package ‘httr’ in Rd xrefs
Flavor: r-devel-linux-x86_64-fedora-clang