Last updated on 2024-05-11 15:49:23 CEST.
Flavor | Version | Tinstall | Tcheck | Ttotal | Status | Flags |
---|---|---|---|---|---|---|
r-devel-linux-x86_64-debian-clang | 0.9.1 | 23.60 | 95.65 | 119.25 | OK | |
r-devel-linux-x86_64-debian-gcc | 0.9.1 | 17.61 | 68.50 | 86.11 | OK | |
r-devel-linux-x86_64-fedora-clang | 0.9.1 | 148.27 | NOTE | |||
r-devel-linux-x86_64-fedora-gcc | 0.9.1 | 152.07 | NOTE | |||
r-devel-windows-x86_64 | 0.9.1 | 37.00 | 111.00 | 148.00 | OK | |
r-patched-linux-x86_64 | 0.9.1 | 27.62 | 91.69 | 119.31 | OK | |
r-release-linux-x86_64 | 0.9.1 | 26.11 | 90.86 | 116.97 | OK | |
r-release-macos-arm64 | 0.9.1 | 39.00 | OK | |||
r-release-windows-x86_64 | 0.9.1 | 35.00 | 109.00 | 144.00 | OK | |
r-oldrel-macos-arm64 | 0.9.1 | 60.00 | OK | |||
r-oldrel-macos-x86_64 | 0.9.1 | 132.00 | OK | |||
r-oldrel-windows-x86_64 | 0.9.1 | 32.00 | 130.00 | 162.00 | OK |
Version: 0.9.1
Check: data for non-ASCII characters
Result: NOTE
Note: found 3881 marked UTF-8 strings
Flavors: r-devel-linux-x86_64-fedora-clang, r-devel-linux-x86_64-fedora-gcc